 of 1248?
4
What is the tens digit of 39464?
6
What is the units digit of 9732?
2
What is the thousands digit of 1525?
1
What is the hundreds digit of 2564?
5
What is the hundreds digit of 1039?
0
What is the units digit of 968?
8
What is the units digit of 50364?
4
What is the hundreds digit of 403?
4
What is the units digit of 7105?
5
What is the ten thousands digit of 10696?
1
What is the tens digit of 1784?
8
What is the tens digit of 3257?
5
What is the hundreds digit of 2975?
9
What is the units digit of 13351?
1
What is the hundreds digit of 462?
4
What is the thousands digit of 8239?
8
What is the thousands digit of 10932?
0
What is the tens digit of 101452?
5
What is the tens digit of 2882?
8
What is the units digit of 4439?
9
What is the hundreds digit of 102266?
2
What is the thousands digit of 25488?
5
What is the units digit of 1288?
8
What is the thousands digit of 71085?
1
What is the units digit of 825?
5
What is the hundreds digit of 20339?
3
What is the tens digit of 4151?
5
What is the tens digit of 6222?
2
What is the hundreds digit of 12882?
8
What is the ten thousands digit of 83258?
8
What is the tens digit of 669?
6
What is the hundreds digit of 2880?
8
What is the thousands digit of 84221?
4
What is the hundreds digit of 994?
9
What is the hundreds digit of 41793?
7
What is the units digit of 5770?
0
What is the ten thousands digit of 13311?
1
What is the hundreds digit of 852?
8
What is the units digit of 1599?
9
What is the hundreds digit of 502?
5
What is the thousands digit of 2638?
2
What is the tens digit of 773?
7
What is the units digit of 3348?
8
What is the tens digit of 3126?
2
What is the tens digit of 2076?
7
What is the tens digit of 15646?
4
What is the hundreds digit of 41911?
9
What is the hundreds digit of 6024?
0
What is the units digit of 1040?
0
What is the hundreds digit of 20393?
3
What is the hundreds digit of 1501?
5
What is the tens digit of 587?
8
What is the tens digit of 2366?
6
What is the units digit of 217?
7
What is the units digit of 13715?
5
What is the thousands digit of 1896?
1
What is the tens digit of 12986?
8
What is the tens digit of 877?
7
What is the units digit of 1017?
7
What is the units digit of 60794?
4
What is the units digit of 908?
8
What is the hundreds digit of 986?
9
What is the hundreds digit of 28370?
3
What is the ten thousands digit of 35808?
3
What is the units digit of 410?
0
What is the tens digit of 60333?
3
What is the ten thousands digit of 101529?
0
What is the units digit of 1554?
4
What is the units digit of 426?
6
What is the hundreds digit of 623?
6
What is the tens digit of 5344?
4
What is the units digit of 8327?
7
What is the tens digit of 2737?
3
What is the units digit of 2453?
3
What is the units digit of 8092?
2
What is the units digit of 1905?
5
What is the units digit of 307?
7
What is the tens digit of 496?
9
What is the tens digit of 3938?
3
What is the tens digit of 86006?
0
What is the units digit of 1114?
4
What is the hundreds digit of 2225?
2
What is the tens digit of 53?
5
What is the tens digit of 21123?
2
What is the units digit of 668?
8
What is the ten thousands digit of 103620?
0
What is the thousands digit of 84448?
4
What is the units digit of 209?
9
What is the tens digit of 18?
1
What is the tens digit of 509?
0
What is the ten thousands digit of 191348?
9
What is the thousands digit of 1290?
1
What is the units digit of 1711?
1
What is the hundreds digit of 1277?
2
What is the thousands digit of 156630?
6
What is the units digit of 13901?
1
What is the tens digit of 45652?
5
What is the hundreds digit of 124929?
9
What is the tens digit of 158286?
8
What is the hundreds digit of 18677?
6
What is the tens digit of 1211?
1
What is the tens digit of 20627?
2
What is the hundreds digit of 1818?
8
What is the hundreds digit of 775?
7
What is the units digit of 17559?
9
What is the tens digit of 23245?
4
What is the thousands digit of 3234?
3
What is the hundreds digit of 2205?
2
What is the units digit of 10268?
8
What is the hundreds digit of 1760?
7
What is the units digit of 11264?
4
What is the hundreds digit of 1598?
5
What is the thousands digit of 14936?
4
What is the tens digit of 4351?
5
What is the hundreds digit of 8917?
9
What is the hundreds digit of 4846?
8
What is the hundreds digit of 1873?
8
What is the units digit of 953?
3
What is the units digit of 10191?
1
What is the thousands digit of 16086?
6
What is the tens digit of 107?
0
What is the hundreds digit of 20051?
0
What is the tens digit of 5886?
8
What is the tens digit of 62936?
3
What is the hundreds digit of 497?
4
What is the hundreds digit of 769?
7
What is the thousands digit of 5610?
5
What is the hundreds digit of 3598?
5
What is the hundreds digit of 145872?
8
What is the thousands digit of 12348?
2
What is the thousands digit of 5918?
5
What is the hundreds digit of 16333?
3
What is the hundreds digit of 2085?
0
What is the thousands digit of 1220?
1
What is the units digit of 21329?
9
What is the thousands digit of 6417?
6
What is the units digit of 698?
8
What is the thousands digit of 4821?
4
What is the ten thousands digit of 33187?
3
What is the thousands digit of 27719?
7
What is the units digit of 39523?
3
What is the tens digit of 52821?
2
What is the thousands digit of 12719?
2
What is the thousands digit of 1376?
1
What is the hundreds digit of 650?
6
What is the units digit of 16658?
8
What is the thousands digit of 80893?
0
What is the hundreds digit of 38823?
8
What is the thousands digit of 2248?
2
What is the tens digit of 17527?
2
What is the thousands digit of 27158?
7
What is the units digit of 19531?
1
What is the hundreds digit of 9026?
0
What is the hundreds digit of 164?
1
What is the thousands digit of 8871?
8
What is the tens digit of 897?
9
What is the units digit of 86407?
7
What is the tens digit of 54906?
0
What is the thousands digit of 60941?
0
What is the units digit of 3833?
3
What is the hundreds digit of 126?
1
What is the units digit of 3186?
6
What is the units digit of 1768?
8
What is the units digit of 8247?
7
What is the ten thousands digit of 30834?
3
What is the units digit of 75?
5
What is the units digit of 2314?
4
What is the thousands digit of 4039?
4
What is the tens digit of 32586?
8
What is the thousands digit of 1105?
1
What is the thousands digit of 2889?
2
What is the tens digit of 2063?
6
What is the tens digit of 89?
8
What is the hundreds digit of 55244?
2
What is the hundreds digit of 68494?
4
What is the units digit of 291?
1
What is the units digit of 2791?
1
What is the hundreds digit of 1833?
8
What is the thousands digit of 12950?
2
What is the hundreds digit of 1033?
0
What is the ten thousands digit of 39303?
3
What is the units digit of 622?
2
What is the ten thousands digit of 43265?
4
What is the ten thousands digit of 82769?
8
What is the hundreds digit of 1069?
0
What is the units digit of 1985?
5
What is the thousands digit of 2973?
2
What is the thousands digit of 3079?
3
What is the units digit of 831?
1
What is the units digit of 576?
6
What is the tens digit of 1812?
1
What is the thousands digit of 10682?
0
What is the hundreds digit of 100?
1
What is the hundreds digit of 5142?
1
What is the thousands digit of 3455?
3
What is the hundred thousands digit of 187595?
1
What is the units digit of 2606?
6
What is the units digit of 8083?
3
What is the tens digit of 44591?
9
What is the hundreds digit of 4810?
8
What is the tens digit of 938?
3
What is the units digit of 14579?
9
What is the thousands digit of 1456?
1
What is the tens digit of 12093?
9
What is the tens digit of 79845?
4
What is the units digit of 742?
2
What is the thousands digit of 134066?
4
What is the units digit of 5513?
3
What is the hundreds digit of 571?
5
What is the thousands digit of 8513?
8
What is the units digit of 5590?
0
What is the hundreds digit of 7640?
6
What is the hundreds digit of 5343?
3
What is the hundreds digit of 143292?
2
What is the tens digit of 1882?
8
What is the tens digit of 87?
8
What is the thousands digit of 7191?
7
What is the thousands digit of 4877?
4
What is the hundreds digit of 2900?
9
What is the hundreds digit of 976?
9
What is the tens digit of 13107?
0
What is t